{"id":2469,"date":"2020-11-30T08:06:15","date_gmt":"2020-11-30T07:06:15","guid":{"rendered":"https:\/\/www.fondazioneturistica.it\/privacy-policy\/"},"modified":"2020-11-30T08:06:16","modified_gmt":"2020-11-30T07:06:16","slug":"privacy-policy","status":"publish","type":"page","link":"https:\/\/www.fondazioneturistica.it\/en\/privacy-policy\/","title":{"rendered":"Privacy policy"},"content":{"rendered":"<p>[et_pb_section fb_built=&#8221;1&#8243; _builder_version=&#8221;4.0.5&#8243; custom_padding=&#8221;110px||110px||true|&#8221;][et_pb_row column_structure=&#8221;1_4,3_4&#8243; use_custom_gutter=&#8221;on&#8221; _builder_version=&#8221;4.2.2&#8243; custom_margin=&#8221;|auto|0px|auto|false|false&#8221; custom_padding=&#8221;0px||60px||false|false&#8221;][et_pb_column type=&#8221;1_4&#8243; _builder_version=&#8221;4.0.5&#8243;][et_pb_image src=&#8221;http:\/\/fondazioneturistica.it\/wp-content\/uploads\/2020\/02\/ecole-hoteliere-1.png&#8221; _builder_version=&#8221;4.2.2&#8243; max_width=&#8221;150px&#8221; module_alignment=&#8221;right&#8221; global_module=&#8221;596&#8243; saved_tabs=&#8221;all&#8221;][\/et_pb_image][\/et_pb_column][et_pb_column type=&#8221;3_4&#8243; _builder_version=&#8221;4.0.5&#8243;][et_pb_text admin_label=&#8221;Titolo&#8221; _builder_version=&#8221;4.3.2&#8243; text_line_height=&#8221;70px&#8221; header_font=&#8221;Oswald||||||||&#8221; custom_margin=&#8221;||0px||false|false&#8221; custom_padding=&#8221;35px||20px||false|false&#8221;]<\/p>\n<h1 style=\"text-align: left;\">privacy policy<\/h1>\n<p>[\/et_pb_text][\/et_pb_column][\/et_pb_row][et_pb_row column_structure=&#8221;1_4,3_4&#8243; _builder_version=&#8221;4.2.2&#8243; custom_padding=&#8221;0px||0px||true|&#8221; locked=&#8221;off&#8221;][et_pb_column type=&#8221;1_4&#8243; _builder_version=&#8221;4.2.2&#8243; background_enable_color=&#8221;off&#8221;][\/et_pb_column][et_pb_column type=&#8221;3_4&#8243; _builder_version=&#8221;4.2.2&#8243; background_enable_color=&#8221;off&#8221;][et_pb_text admin_label=&#8221;Sottotitolo&#8221; _builder_version=&#8221;4.3.2&#8243; custom_margin=&#8221;||10px||false|false&#8221;]<\/p>\n<h2 style=\"text-align: left;\">La nostra privacy<\/h2>\n<p>[\/et_pb_text][et_pb_divider admin_label=&#8221;Modulo Separatore&#8221; _builder_version=&#8221;4.2.2&#8243; max_width=&#8221;200px&#8221; module_alignment=&#8221;left&#8221; custom_margin=&#8221;0px||10px||false|false&#8221; locked=&#8221;on&#8221;][\/et_pb_divider][et_pb_text _builder_version=&#8221;4.3.2&#8243; module_alignment=&#8221;left&#8221;]<\/p>\n<p>Come da nuovo Regolamento UE 2016\/679, in vigore al 25.05.2018, si pubblica l&#8217;informativa privacy.<\/p>\n<p>Di seguito sono riportati i dati di contatto del DPO (Data Protection Officer) nominato dalla Fondazione per la Formazione Professionale Turistica.<br \/> Avv. Paolo Recla, domiciliato per la carica presso la Fondazione Turistica, raggiungibile all&#8217;indirizzo di posta certificata:\u00a0<a href=\"mailto:paolorecla.dpo@legalmail.it\">paolorecla.dpo@legalmail.it<\/a><\/p>\n<p>[\/et_pb_text][\/et_pb_column][\/et_pb_row][et_pb_row column_structure=&#8221;1_4,3_4&#8243; _builder_version=&#8221;4.2.2&#8243; custom_margin=&#8221;70px|auto||auto|false|false&#8221; custom_padding=&#8221;0px||0px||true|&#8221; locked=&#8221;off&#8221;][et_pb_column type=&#8221;1_4&#8243; _builder_version=&#8221;4.2.2&#8243; background_enable_color=&#8221;off&#8221;][\/et_pb_column][et_pb_column type=&#8221;3_4&#8243; _builder_version=&#8221;4.2.2&#8243; background_enable_color=&#8221;off&#8221;][et_pb_text _builder_version=&#8221;4.3.2&#8243; custom_margin=&#8221;||10px||false|false&#8221;]<\/p>\n<h2 style=\"text-align: left;\">Allegati<\/h2>\n<p>[\/et_pb_text][et_pb_divider _builder_version=&#8221;4.2.2&#8243; max_width=&#8221;200px&#8221; module_alignment=&#8221;left&#8221; custom_margin=&#8221;0px||10px||false|false&#8221;][\/et_pb_divider][\/et_pb_column][\/et_pb_row][et_pb_row column_structure=&#8221;1_4,1_4,1_4,1_4&#8243; _builder_version=&#8221;4.2.2&#8243; custom_padding=&#8221;0px||0px|||&#8221; locked=&#8221;off&#8221;][et_pb_column type=&#8221;1_4&#8243; _builder_version=&#8221;4.2.2&#8243;][\/et_pb_column][et_pb_column type=&#8221;1_4&#8243; _builder_version=&#8221;4.2.2&#8243;][et_pb_blurb title=&#8221;Informativa fornitori&#8221; url=&#8221;http:\/\/fondazioneturistica.it\/wp-content\/uploads\/2020\/02\/01-informativa-fornitori.pdf&#8221; url_new_window=&#8221;on&#8221; use_icon=&#8221;on&#8221; font_icon=&#8221;%%136%%&#8221; icon_placement=&#8221;left&#8221; use_icon_font_size=&#8221;on&#8221; icon_font_size=&#8221;25px&#8221; _builder_version=&#8221;4.3.2&#8243; module_alignment=&#8221;left&#8221;][\/et_pb_blurb][\/et_pb_column][et_pb_column type=&#8221;1_4&#8243; _builder_version=&#8221;4.2.2&#8243;][et_pb_blurb title=&#8221;informativa famiglie e allievi&#8221; url=&#8221;http:\/\/fondazioneturistica.it\/wp-content\/uploads\/2020\/02\/02-informativa-famiglie-e-allievi.pdf&#8221; url_new_window=&#8221;on&#8221; use_icon=&#8221;on&#8221; font_icon=&#8221;%%136%%&#8221; icon_placement=&#8221;left&#8221; use_icon_font_size=&#8221;on&#8221; icon_font_size=&#8221;25px&#8221; _builder_version=&#8221;4.3.2&#8243; module_alignment=&#8221;left&#8221;][\/et_pb_blurb][\/et_pb_column][et_pb_column type=&#8221;1_4&#8243; _builder_version=&#8221;4.2.2&#8243;][et_pb_blurb title=&#8221;Informativa web&#8221; url=&#8221;http:\/\/fondazioneturistica.it\/wp-content\/uploads\/2020\/02\/03-informativa-web.pdf&#8221; url_new_window=&#8221;on&#8221; use_icon=&#8221;on&#8221; font_icon=&#8221;%%136%%&#8221; icon_placement=&#8221;left&#8221; use_icon_font_size=&#8221;on&#8221; icon_font_size=&#8221;25px&#8221; _builder_version=&#8221;4.3.2&#8243; module_alignment=&#8221;left&#8221;][\/et_pb_blurb][\/et_pb_column][\/et_pb_row][\/et_pb_section]<\/p>\n","protected":false},"excerpt":{"rendered":"<p>privacy policyLa nostra privacyCome da nuovo Regolamento UE 2016\/679, in vigore al 25.05.2018, si pubblica l&#8217;informativa privacy. Di seguito sono riportati i dati di contatto del DPO (Data Protection Officer) nominato dalla Fondazione per la Formazione Professionale Turistica. Avv. Paolo Recla, domiciliato per la carica presso la Fondazione Turistica, raggiungibile all&#8217;indirizzo di posta certificata:\u00a0paolorecla.dpo@legalmail.itAllegati<\/p>\n","protected":false},"author":1,"featured_media":0,"parent":0,"menu_order":0,"comment_status":"closed","ping_status":"closed","template":"","meta":{"_et_pb_use_builder":"on","_et_pb_old_content":"","_et_gb_content_width":"","footnotes":""},"class_list":["post-2469","page","type-page","status-publish","hentry"],"yoast_head":"<!-- This site is optimized with the Yoast SEO plugin v28.2 - https:\/\/yoast.com\/product\/yoast-seo-wordpress\/ -->\n<title>Privacy policy - \u00c9cole H\u00f4teli\u00e8re<\/title>\n<meta name=\"robots\" content=\"index, follow, max-snippet:-1, max-image-preview:large, max-video-preview:-1\" \/>\n<link rel=\"canonical\" href=\"https:\/\/www.fondazioneturistica.it\/en\/privacy-policy\/\" \/>\n<meta property=\"og:locale\" content=\"en_US\" \/>\n<meta property=\"og:type\" content=\"article\" \/>\n<meta property=\"og:title\" content=\"Privacy policy - \u00c9cole H\u00f4teli\u00e8re\" \/>\n<meta property=\"og:description\" content=\"privacy policyLa nostra privacyCome da nuovo Regolamento UE 2016\/679, in vigore al 25.05.2018, si pubblica l&#039;informativa privacy. Di seguito sono riportati i dati di contatto del DPO (Data Protection Officer) nominato dalla Fondazione per la Formazione Professionale Turistica. Avv. Paolo Recla, domiciliato per la carica presso la Fondazione Turistica, raggiungibile all&#039;indirizzo di posta certificata:\u00a0paolorecla.dpo@legalmail.itAllegati\" \/>\n<meta property=\"og:url\" content=\"https:\/\/www.fondazioneturistica.it\/en\/privacy-policy\/\" \/>\n<meta property=\"og:site_name\" content=\"\u00c9cole H\u00f4teli\u00e8re\" \/>\n<meta property=\"article:modified_time\" content=\"2020-11-30T07:06:16+00:00\" \/>\n<meta name=\"twitter:card\" content=\"summary_large_image\" \/>\n<meta name=\"twitter:label1\" content=\"Est. reading time\" \/>\n\t<meta name=\"twitter:data1\" content=\"3 minutes\" \/>\n<script type=\"application\/ld+json\" class=\"yoast-schema-graph\">{\"@context\":\"https:\\\/\\\/schema.org\",\"@graph\":[{\"@type\":\"WebPage\",\"@id\":\"https:\\\/\\\/www.fondazioneturistica.it\\\/en\\\/privacy-policy\\\/\",\"url\":\"https:\\\/\\\/www.fondazioneturistica.it\\\/en\\\/privacy-policy\\\/\",\"name\":\"Privacy policy - \u00c9cole H\u00f4teli\u00e8re\",\"isPartOf\":{\"@id\":\"https:\\\/\\\/www.fondazioneturistica.it\\\/#website\"},\"datePublished\":\"2020-11-30T07:06:15+00:00\",\"dateModified\":\"2020-11-30T07:06:16+00:00\",\"breadcrumb\":{\"@id\":\"https:\\\/\\\/www.fondazioneturistica.it\\\/en\\\/privacy-policy\\\/#breadcrumb\"},\"inLanguage\":\"en-US\",\"potentialAction\":[{\"@type\":\"ReadAction\",\"target\":[\"https:\\\/\\\/www.fondazioneturistica.it\\\/en\\\/privacy-policy\\\/\"]}]},{\"@type\":\"BreadcrumbList\",\"@id\":\"https:\\\/\\\/www.fondazioneturistica.it\\\/en\\\/privacy-policy\\\/#breadcrumb\",\"itemListElement\":[{\"@type\":\"ListItem\",\"position\":1,\"name\":\"Home\",\"item\":\"https:\\\/\\\/www.fondazioneturistica.it\\\/en\\\/\"},{\"@type\":\"ListItem\",\"position\":2,\"name\":\"Privacy policy\"}]},{\"@type\":\"WebSite\",\"@id\":\"https:\\\/\\\/www.fondazioneturistica.it\\\/#website\",\"url\":\"https:\\\/\\\/www.fondazioneturistica.it\\\/\",\"name\":\"\u00c9cole H\u00f4teli\u00e8re\",\"description\":\"de la Vall\u00e9e d&#039;Aoste\",\"potentialAction\":[{\"@type\":\"SearchAction\",\"target\":{\"@type\":\"EntryPoint\",\"urlTemplate\":\"https:\\\/\\\/www.fondazioneturistica.it\\\/?s={search_term_string}\"},\"query-input\":{\"@type\":\"PropertyValueSpecification\",\"valueRequired\":true,\"valueName\":\"search_term_string\"}}],\"inLanguage\":\"en-US\"}]}<\/script>\n<!-- \/ Yoast SEO plugin. -->","yoast_head_json":{"title":"Privacy policy - \u00c9cole H\u00f4teli\u00e8re","robots":{"index":"index","follow":"follow","max-snippet":"max-snippet:-1","max-image-preview":"max-image-preview:large","max-video-preview":"max-video-preview:-1"},"canonical":"https:\/\/www.fondazioneturistica.it\/en\/privacy-policy\/","og_locale":"en_US","og_type":"article","og_title":"Privacy policy - \u00c9cole H\u00f4teli\u00e8re","og_description":"privacy policyLa nostra privacyCome da nuovo Regolamento UE 2016\/679, in vigore al 25.05.2018, si pubblica l'informativa privacy. Di seguito sono riportati i dati di contatto del DPO (Data Protection Officer) nominato dalla Fondazione per la Formazione Professionale Turistica. Avv. Paolo Recla, domiciliato per la carica presso la Fondazione Turistica, raggiungibile all'indirizzo di posta certificata:\u00a0paolorecla.dpo@legalmail.itAllegati","og_url":"https:\/\/www.fondazioneturistica.it\/en\/privacy-policy\/","og_site_name":"\u00c9cole H\u00f4teli\u00e8re","article_modified_time":"2020-11-30T07:06:16+00:00","twitter_card":"summary_large_image","twitter_misc":{"Est. reading time":"3 minutes"},"schema":{"@context":"https:\/\/schema.org","@graph":[{"@type":"WebPage","@id":"https:\/\/www.fondazioneturistica.it\/en\/privacy-policy\/","url":"https:\/\/www.fondazioneturistica.it\/en\/privacy-policy\/","name":"Privacy policy - \u00c9cole H\u00f4teli\u00e8re","isPartOf":{"@id":"https:\/\/www.fondazioneturistica.it\/#website"},"datePublished":"2020-11-30T07:06:15+00:00","dateModified":"2020-11-30T07:06:16+00:00","breadcrumb":{"@id":"https:\/\/www.fondazioneturistica.it\/en\/privacy-policy\/#breadcrumb"},"inLanguage":"en-US","potentialAction":[{"@type":"ReadAction","target":["https:\/\/www.fondazioneturistica.it\/en\/privacy-policy\/"]}]},{"@type":"BreadcrumbList","@id":"https:\/\/www.fondazioneturistica.it\/en\/privacy-policy\/#breadcrumb","itemListElement":[{"@type":"ListItem","position":1,"name":"Home","item":"https:\/\/www.fondazioneturistica.it\/en\/"},{"@type":"ListItem","position":2,"name":"Privacy policy"}]},{"@type":"WebSite","@id":"https:\/\/www.fondazioneturistica.it\/#website","url":"https:\/\/www.fondazioneturistica.it\/","name":"\u00c9cole H\u00f4teli\u00e8re","description":"de la Vall\u00e9e d&#039;Aoste","potentialAction":[{"@type":"SearchAction","target":{"@type":"EntryPoint","urlTemplate":"https:\/\/www.fondazioneturistica.it\/?s={search_term_string}"},"query-input":{"@type":"PropertyValueSpecification","valueRequired":true,"valueName":"search_term_string"}}],"inLanguage":"en-US"}]}},"_links":{"self":[{"href":"https:\/\/www.fondazioneturistica.it\/en\/wp-json\/wp\/v2\/pages\/2469","targetHints":{"allow":["GET"]}}],"collection":[{"href":"https:\/\/www.fondazioneturistica.it\/en\/wp-json\/wp\/v2\/pages"}],"about":[{"href":"https:\/\/www.fondazioneturistica.it\/en\/wp-json\/wp\/v2\/types\/page"}],"author":[{"embeddable":true,"href":"https:\/\/www.fondazioneturistica.it\/en\/wp-json\/wp\/v2\/users\/1"}],"replies":[{"embeddable":true,"href":"https:\/\/www.fondazioneturistica.it\/en\/wp-json\/wp\/v2\/comments?post=2469"}],"version-history":[{"count":2,"href":"https:\/\/www.fondazioneturistica.it\/en\/wp-json\/wp\/v2\/pages\/2469\/revisions"}],"predecessor-version":[{"id":2471,"href":"https:\/\/www.fondazioneturistica.it\/en\/wp-json\/wp\/v2\/pages\/2469\/revisions\/2471"}],"wp:attachment":[{"href":"https:\/\/www.fondazioneturistica.it\/en\/wp-json\/wp\/v2\/media?parent=2469"}],"curies":[{"name":"wp","href":"https:\/\/api.w.org\/{rel}","templated":true}]}}

<!-- This site is optimized with the Yoast SEO plugin v28.2 - https://yoast.com/product/yoast-seo-wordpress/ -->
<title>Privacy policy - École Hôtelière</title>
<meta name="robots" content="index, follow, max-snippet:-1, max-image-preview:large, max-video-preview:-1" />
<link rel="canonical" href="https://www.fondazioneturistica.it/en/privacy-policy/" />
<meta property="og:locale" content="en_US" />
<meta property="og:type" content="article" />
<meta property="og:title" content="Privacy policy - École Hôtelière" />
<meta property="og:description" content="privacy policyLa nostra privacyCome da nuovo Regolamento UE 2016/679, in vigore al 25.05.2018, si pubblica l&#039;informativa privacy. Di seguito sono riportati i dati di contatto del DPO (Data Protection Officer) nominato dalla Fondazione per la Formazione Professionale Turistica. Avv. Paolo Recla, domiciliato per la carica presso la Fondazione Turistica, raggiungibile all&#039;indirizzo di posta certificata: paolorecla.dpo@legalmail.itAllegati" />
<meta property="og:url" content="https://www.fondazioneturistica.it/en/privacy-policy/" />
<meta property="og:site_name" content="École Hôtelière" />
<meta property="article:modified_time" content="2020-11-30T07:06:16+00:00" />
<meta name="twitter:card" content="summary_large_image" />
<meta name="twitter:label1" content="Est. reading time" />
	<meta name="twitter:data1" content="3 minutes" />
<script type="application/ld+json" class="yoast-schema-graph">{"@context":"https:\/\/schema.org","@graph":[{"@type":"WebPage","@id":"https:\/\/www.fondazioneturistica.it\/en\/privacy-policy\/","url":"https:\/\/www.fondazioneturistica.it\/en\/privacy-policy\/","name":"Privacy policy - École Hôtelière","isPartOf":{"@id":"https:\/\/www.fondazioneturistica.it\/#website"},"datePublished":"2020-11-30T07:06:15+00:00","dateModified":"2020-11-30T07:06:16+00:00","breadcrumb":{"@id":"https:\/\/www.fondazioneturistica.it\/en\/privacy-policy\/#breadcrumb"},"inLanguage":"en-US","potentialAction":[{"@type":"ReadAction","target":["https:\/\/www.fondazioneturistica.it\/en\/privacy-policy\/"]}]},{"@type":"BreadcrumbList","@id":"https:\/\/www.fondazioneturistica.it\/en\/privacy-policy\/#breadcrumb","itemListElement":[{"@type":"ListItem","position":1,"name":"Home","item":"https:\/\/www.fondazioneturistica.it\/en\/"},{"@type":"ListItem","position":2,"name":"Privacy policy"}]},{"@type":"WebSite","@id":"https:\/\/www.fondazioneturistica.it\/#website","url":"https:\/\/www.fondazioneturistica.it\/","name":"École Hôtelière","description":"de la Vallée d&#039;Aoste","potentialAction":[{"@type":"SearchAction","target":{"@type":"EntryPoint","urlTemplate":"https:\/\/www.fondazioneturistica.it\/?s={search_term_string}"},"query-input":{"@type":"PropertyValueSpecification","valueRequired":true,"valueName":"search_term_string"}}],"inLanguage":"en-US"}]}</script>
<!-- / Yoast SEO plugin. -->

Privacy policy - École Hôtelière

École Hôtelière

de la Vallée d&#039;Aoste
